
Let t(f) = 530*f - 161. List the prime factors of t(3).
1429
Suppose -14*c - 31122 = -53*c. List the prime factors of c.
2, 3, 7, 19
Let h be (3 - 2)*(2 + 3). List the prime factors of (h - 1)*258/8.
3, 43
Suppose -2*r + 5867 = -j, -54*j = -2*r - 55*j + 5877. List the prime factors of r.
2, 367
Suppose 0 = -3*y - 6. Let d(b) = b + 4. Let q be d(y). What are the prime factors of 40 + 2 + -4 + q?
2, 5
Suppose 5*p = 83 + 77. Suppose 8*w = 4*w + p. List the prime factors of w.
2
Let i(s) = 7*s**2 + 4*s + 4. Suppose 2*w = 4*w + 6. What are the prime factors of i(w)?
5, 11
Suppose -3*g = -4*h - 2 + 546, -4*h - 5*g + 512 = 0. Let j = h + -55. List the prime factors of j.
2, 3, 13
Let b be (1 - -2)*(0 + -3). Let o be b/(6 - 3) + -2. Let z = 22 + o. List the prime factors of z.
17
Let h be 0 + -4 + 5 + 4. Suppose o + z - 23 = 12, -o - h*z + 31 = 0. What are the prime factors of o?
2, 3
Let m be 2 - ((-24)/(-4) + -1). List the prime factors of -25*(-7 - (m + -1)).
3, 5
List the prime factors of 10/5 - (-3 - 1427).
2, 179
Let j be -1 + 16 - (7 - -1). Let l(s) = -s**2 - 6*s + 5. Let i(z) = -z**2 - 5*z + 4. Let a(u) = -7*i(u) + 6*l(u). What are the prime factors of a(j)?
2, 11
Let o(s) = 4*s - 1 - s**3 - 12*s + 6*s + s**2 + 3*s**3. List the prime factors of o(2).
3, 5
Let g(f) = -5*f + 4. Let u be g(-2). What are the prime factors of 952/u + (-1 - -2)?
3, 23
Suppose -10*m = -9054 - 1476. What are the prime factors of m?
3, 13
Suppose 9*y - 5*y - 20 = 0, 4*y + 1980 = 4*h. List the prime factors of h.
2, 5
Let k(t) = 2*t**2 + 9*t - 19. List the prime factors of k(6).
107
Suppose 0 = 5*v + 4*c - 7399, 4*v - 182*c = -184*c + 5918. List the prime factors of v.
3, 17, 29
Let v(u) = 9*u**2 + u. Let f be v(-1). Let a(h) = -h + 10. Let b be a(f). Suppose 0 = n + b - 5. List the prime factors of n.
3
Let v = 1682 - 875. What are the prime factors of v?
3, 269
What are the prime factors of 20*2/8 + 761?
2, 383
What are the prime factors of (2*1781)/(0 - -2)?
13, 137
Suppose 5620 = 4*z - 13*b + 17*b, -5*z + 7031 = -b. List the prime factors of z.
2, 19, 37
Let n be 302/6 + 4/(-3). Suppose 5*d - 1 = -11, g + 5*d - n = 0. What are the prime factors of g?
59
Suppose -2*z + 0*k = 2*k + 14, 0 = 2*z - 4*k - 10. Let w be ((-6 - z) + -3)*5. Let s = -16 - w. List the prime factors of s.
2, 7
What are the prime factors of (-978)/(-4)*(-532)/(-57)?
2, 7, 163
Suppose -33*p - 37 = -32*p. Let t = -33 - p. What are the prime factors of (t + 8/(-4))*4?
2
Suppose 4*p + 5*p - 2655 = 0. List the prime factors of p.
5, 59
Let g = -14 - -43. Suppose -5*p + g = 4. List the prime factors of p.
5
Suppose 1274 = 251*v - 244*v. List the prime factors of v.
2, 7, 13
Let u = -20 - -23. Suppose 4*c = -u*c + 1344. What are the prime factors of c?
2, 3
List the prime factors of (44 - (3 + -1))*130/20.
3, 7, 13
Let y be (-1 - 0) + 16/(-8). Let o(l) = -3*l**3 - 4*l**2 - 3*l + 2. List the prime factors of o(y).
2, 7
Let y(g) = g**3 + 8*g**2 - 15*g + 92. List the prime factors of y(6).
2, 11, 23
Suppose -9*m - 7137 = -34821. What are the prime factors of m?
2, 769
Let m be 75/5*(-4)/(-10). What are the prime factors of 64/m*75/20?
2, 5
What are the prime factors of -6 - (-11 + 3) - -948?
2, 5, 19
Suppose 6*c = 5*k + 2*c + 130, c - 49 = 2*k. What are the prime factors of (-414)/k - (-6)/33?
19
Suppose -204*t + 213*t - 639 = 0. What are the prime factors of t?
71
Let b(w) be the third derivative of w**6/120 - 2*w**5/15 - w**4/24 - w**3/2 + 13*w**2. What are the prime factors of b(9)?
3, 23
Suppose 0*z = 3*x - 3*z + 15, -5*x + z - 25 = 0. What are the prime factors of (-4)/5*(850/(-4) - x)?
2, 83
Let z be (2/1)/((44/(-8))/(-11)). Suppose -b + 8 = 5*y - 30, 57 = z*b + y. List the prime factors of b.
13
What are the prime factors of (-5)/1 + 28987/7?
2, 11, 47
Suppose 0 = n - 2 - 13. Suppose -2*k - n = 3*v, -6 = -4*k + 4*v - 66. Let y = k + 37. List the prime factors of y.
5
Let b(z) = z**3 - z**2 + 2*z + 2. Let p be b(3). Let o = 56 - p. Suppose 4*a - 4*l = -5 + 25, 4*l - o = -a. List the prime factors of a.
2, 5
Suppose -6*q - 80 = 70. Let y be (-2*3 + -2)*8. Let g = q - y. List the prime factors of g.
3, 13
Let w = -12 - -14. Suppose 10*h - 5*h + 4*j = 79, -2*h = w*j - 32. List the prime factors of h.
3, 5
Suppose k = 2*k. Suppose -4*y - 26 = -3*q + y, k = -3*q - 5*y - 14. List the prime factors of 54/2 - (q - 3).
2, 7
Let t = -2548 + 5967. List the prime factors of t.
13, 263
Let d be (0 - 0)/(-4 + 7). Suppose -2*w = -2*x + 100, -x = 3*w - d*w - 42. Suppose v = x - 19. What are the prime factors of v?
29
Let j be -5 + -6*(4/(-3) + 1). Let h(y) = -9*y + 8. List the prime factors of h(j).
5, 7
Suppose -5*c + 3*y = 2*y - 14560, 5*c = 5*y + 14540. List the prime factors of c.
3, 971
Let a(y) = 11*y - 10. Let u be a(10). Suppose -o + p + u = -4*p, 0 = 4*o - 2*p - 328. What are the prime factors of o?
2, 5
Let z = 2 - -9. Suppose 51 = m + 56. Let j = z + m. List the prime factors of j.
2, 3
Suppose -1 - 3 = -2*b. Let d(t) = 1 + 4*t - 2 + 0 + 5*t**b + t**3 + 3*t**2. What are the prime factors of d(-3)?
2
Suppose -6*i + 2*i = 0. Suppose i = -5*g + 3*u + 195, 5*g + u - 156 = g. What are the prime factors of g?
3, 13
Suppose 45*b + 17214 = 86964. What are the prime factors of b?
2, 5, 31
Let m(c) be the third derivative of 2*c**5/15 - 7*c**4/12 + c**3 + 17*c**2. What are the prime factors of m(4)?
2, 3, 13
Let i = 470 - -19. What are the prime factors of i?
3, 163
Let p(w) = 6*w + 12. Suppose 0 = -d - 3*r - 10, -r - 30 = -2*d - 3*d. List the prime factors of p(d).
2, 3, 7
Let r = -56 + 46. Let u be 90/4*8/6. Let z = r + u. What are the prime factors of z?
2, 5
Let t = 50 - -14. Let k = -23 + t. What are the prime factors of k?
41
Suppose -3 = -3*f - 6. What are the prime factors of (0 + 1)*f - (0 + -9)?
2
Let o(x) = x. Let h(p) = -14*p + 2. Suppose 4*l + l + 9 = 4*u, -5 = -u + 4*l. Let m(d) = u*h(d) + 12*o(d). What are the prime factors of m(-2)?
2, 3
Suppose -5*f = 10, 11*z - f = 7*z + 330. What are the prime factors of z?
2, 41
Suppose -5*d + 576 + 704 = 4*h, h + 525 = 2*d. What are the prime factors of d?
2, 5, 13
What are the prime factors of 3 - 11228/(-20) - (-10)/(-25)?
2, 3, 47
Suppose 3*u + b = -35, 4*u + 0 = 2*b - 40. Let p(z) = -z**3 - 12*z**2 - 15*z + 14. List the prime factors of p(u).
2, 29
What are the prime factors of (2 - -1) + 550 - (9 + -16)?
2, 5, 7
Suppose 4*a - 98 - 362 = 0. Suppose -8*f + 9*f = a. List the prime factors of f.
5, 23
Let j = 918 - -663. What are the prime factors of j?
3, 17, 31
Let m = 561 - -172. What are the prime factors of m?
733
Suppose 10 = -2*b, -b = y - 6*b - 37. Let d be y/((5 - 2)/3). What are the prime factors of (186/9)/(8/d)?
31
Let b(r) = 46*r. Let j be b(4). Let p = j + -88. What are the prime factors of p?
2, 3
Suppose -3*u - 184 = -1324. Suppose 0 = -5*q - 70 + u. What are the prime factors of q?
2, 31
Suppose 5*s = 20*s - 210. What are the prime factors of s?
2, 7
Suppose -3*p + 1 = -5. Let l(a) = 7*a - 3*a**p - 3 + 2*a**2 - 1 + 6. What are the prime factors of l(5)?
2, 3
Let d = 118 + -56. List the prime factors of d.
2, 31
Suppose 2*i = 2*z + 2*z + 754, 1494 = 4*i - z. What are the prime factors of i?
373
Suppose -2*c + 14 = -2*b - 2*b, 3*b + 12 = 3*c. Let r be (-1 - -1)/c*1. Suppose r = 2*s - 6 - 8. What are the prime factors of s?
7
Suppose 3*g - 47 = 40. What are the prime factors of g?
29
Suppose 2*j = -4*s + 532, 0 = 3*j + 5*s - 896 + 96. List the prime factors of j.
2, 3, 5
Suppose -i + 225 = 5*d, 155 = 3*d + 2*i + 13. Let c be 1/(2/d) + -1. Suppose 29 = 2*u + c. What are the prime factors of u?
2
Let c(k) = 2*k**2 + 33*k + 149. What are the prime factors of c(-28)?
13, 61
Let g = -2 - -3. Let b(x) = -2*x**2 - 1. Let t be b(g). Let u(o) = -o + 6. What are the prime factors of u(t)?
3
Suppose 4*m - 5 + 1 = 0. List the prime factors of 25 + (m - -1 - 0/(-2)).
3
Let g = 10 - -14. Let t be (2 - 4 - 0) + g. Let m = 64 - t. List the prime factors of m.
2, 3, 7
Let n be (-3 - -2)/(2/(-20)). Suppose -7*o = -n*o + 15. Suppose -5*v + 49 = -0*g - 3*g, -o*v - 5*g = -65. What are the prime factors of v?
11
Let h(s) = 118*s + 149. List the prime factors of h(4).
3, 23
Let x = -121 - -199. Let p be (78/(-8))/((-9)/12). Let a = x - p. What are the prime facto